hat is the thousands digit of 65200?
5
What is the ten thousands digit of 173469?
7
What is the ten thousands digit of 196997?
9
What is the thousands digit of 197782?
7
What is the units digit of 583783?
3
What is the units digit of 1302621?
1
What is the hundreds digit of 11999345?
3
What is the ten thousands digit of 532769?
3
What is the hundred thousands digit of 5253450?
2
What is the hundred thousands digit of 9886391?
8
What is the ten thousands digit of 166994?
6
What is the ten thousands digit of 4863777?
6
What is the units digit of 3422432?
2
What is the units digit of 52952?
2
What is the millions digit of 21879921?
1
What is the ten thousands digit of 1062627?
6
What is the hundred thousands digit of 5667319?
6
What is the hundreds digit of 4790428?
4
What is the units digit of 62296?
6
What is the ten thousands digit of 3502349?
0
What is the hundreds digit of 13613286?
2
What is the hundreds digit of 2128437?
4
What is the hundred thousands digit of 674144?
6
What is the ten thousands digit of 977949?
7
What is the tens digit of 13821740?
4
What is the tens digit of 679972?
7
What is the hundred thousands digit of 3013145?
0
What is the thousands digit of 51701?
1
What is the thousands digit of 130647?
0
What is the hundreds digit of 642945?
9
What is the hundreds digit of 3334867?
8
What is the thousands digit of 10318573?
8
What is the hundreds digit of 477481?
4
What is the tens digit of 21394147?
4
What is the hundreds digit of 11495660?
6
What is the thousands digit of 170307?
0
What is the ten thousands digit of 2949808?
4
What is the units digit of 576537?
7
What is the hundred thousands digit of 1766816?
7
What is the ten thousands digit of 16738?
1
What is the hundred thousands digit of 2130323?
1
What is the hundred thousands digit of 214867?
2
What is the hundreds digit of 1250810?
8
What is the ten thousands digit of 961631?
6
What is the hundred thousands digit of 333446?
3
What is the hundred thousands digit of 5886370?
8
What is the millions digit of 2133457?
2
What is the thousands digit of 35201?
5
What is the units digit of 24831469?
9
What is the thousands digit of 32010488?
0
What is the millions digit of 2548800?
2
What is the ten thousands digit of 1110931?
1
What is the thousands digit of 2210311?
0
What is the tens digit of 10644348?
4
What is the tens digit of 5165673?
7
What is the tens digit of 1262236?
3
What is the ten thousands digit of 533056?
3
What is the ten thousands digit of 35220609?
2
What is the ten thousands digit of 7723898?
2
What is the hundreds digit of 2168837?
8
What is the hundreds digit of 136745?
7
What is the hundred thousands digit of 185838?
1
What is the units digit of 9434657?
7
What is the hundreds digit of 461006?
0
What is the tens digit of 154303?
0
What is the tens digit of 2361341?
4
What is the hundreds digit of 556084?
0
What is the millions digit of 4099526?
4
What is the hundreds digit of 871151?
1
What is the hundreds digit of 1220365?
3
What is the units digit of 741113?
3
What is the tens digit of 141447?
4
What is the ten thousands digit of 436144?
3
What is the units digit of 4837198?
8
What is the hundreds digit of 177561?
5
What is the hundreds digit of 3126096?
0
What is the units digit of 24302953?
3
What is the units digit of 1342358?
8
What is the units digit of 4211128?
8
What is the thousands digit of 86558?
6
What is the units digit of 24166005?
5
What is the thousands digit of 2177578?
7
What is the hundreds digit of 2503308?
3
What is the tens digit of 6880476?
7
What is the hundreds digit of 1079019?
0
What is the ten thousands digit of 38444811?
4
What is the hundred thousands digit of 512858?
5
What is the ten thousands digit of 243711?
4
What is the thousands digit of 1489308?
9
What is the hundreds digit of 132959?
9
What is the hundreds digit of 936822?
8
What is the thousands digit of 497380?
7
What is the hundred thousands digit of 225751?
2
What is the units digit of 94156?
6
What is the thousands digit of 191697?
1
What is the hundreds digit of 8834?
8
What is the units digit of 890976?
6
What is the thousands digit of 226174?
6
What is the units digit of 200749?
9
What is the units digit of 15025?
5
What is the hundreds digit of 11586265?
2
What is the hundreds digit of 153669?
6
What is the hundreds digit of 166873?
8
What is the ten thousands digit of 3703645?
0
What is the hundred thousands digit of 3814184?
8
What is the units digit of 539336?
6
What is the ten thousands digit of 68013?
6
What is the thousands digit of 27804428?
4
What is the tens digit of 4596928?
2
What is the tens digit of 664794?
9
What is the tens digit of 1400565?
6
What is the millions digit of 2372538?
2
What is the tens digit of 4622183?
8
What is the units digit of 2300535?
5
What is the millions digit of 3560240?
3
What is the hundred thousands digit of 21457966?
4
What is the units digit of 203249?
9
What is the thousands digit of 230815?
0
What is the tens digit of 6457899?
9
What is the thousands digit of 199607?
9
What is the ten thousands digit of 152377?
5
What is the hundreds digit of 92317?
3
What is the ten thousands digit of 3061638?
6
What is the hundreds digit of 245695?
6
What is the units digit of 337609?
9
What is the units digit of 2079453?
3
What is the units digit of 8325?
5
What is the hundreds digit of 1156615?
6
What is the units digit of 213345?
5
What is the millions digit of 1892827?
1
What is the thousands digit of 426643?
6
What is the thousands digit of 5759292?
9
What is the ten thousands digit of 19691322?
9
What is the tens digit of 311707?
0
What is the thousands digit of 93796?
3
What is the units digit of 125058?
8
What is the hundred thousands digit of 646856?
6
What is the hundreds digit of 54257?
2
What is the tens digit of 760698?
9
What is the thousands digit of 9267590?
7
What is the tens digit of 350533?
3
What is the hundred thousands digit of 1008291?
0
What is the hundreds digit of 9450313?
3
What is the millions digit of 1282519?
1
What is the ten thousands digit of 7114734?
1
What is the thousands digit of 183106?
3
What is the hundred thousands digit of 7456200?
4
What is the hundreds digit of 942744?
7
What is the ten thousands digit of 883639?
8
What is the hundreds digit of 3811735?
7
What is the hundred thousands digit of 200045?
2
What is the thousands digit of 42716?
2
What is the units digit of 4271379?
9
What is the units digit of 3544345?
5
What is the tens digit of 4937262?
6
What is the thousands digit of 4340706?
0
What is the thousands digit of 1980145?
0
What is the ten thousands digit of 24971255?
7
What is the units digit of 348390?
0
What is the hundred thousands digit of 465698?
4
What is the thousands digit of 351354?
1
What is the millions digit of 7254020?
7
What is the thousands digit of 236445?
6
What is the millions digit of 1932438?
1
What is the tens digit of 10178701?
0
What is the tens digit of 791034?
3
What is the millions digit of 8737793?
8
What is the thousands digit of 974373?
4
What is the units digit of 6204505?
5
What is the millions digit of 1678254?
1
What is the thousands digit of 15451666?
1
What is the ten thousands digit of 1055518?
5
What is the thousands digit of 220613?
0
What is the tens digit of 193364?
6
What is the thousands digit of 1796974?
6
What is the hundreds digit of 951762?
7
What is the tens digit of 277981?
8
What is the hundreds digit of 794469?
4
What is the hundreds digit of 1181155?
1
What is the hundred thousands digit of 14884875?
8
What is the ten thousands digit of 18539?
1
What is the thousands digit of 223228?
3
What is the hundreds digit of 13200?
2
What is the thousands digit of 4618542?
8
What is the thousands digit of 40777?
0
What is the tens digit of 162872?
7
What is the hundred thousands digit of 203142?
2
What is the units digit of 390553?
3
What is the tens digit of 670348?
4
What is the hundred thousands digit of 636244?
6
What is the thousands digit of 80244?
0
What is the millions digit of 1886562?
1
What is the hundred thousands digit of 8443061?
4
What is the ten thousands digit of 7600833?
0
What is the millions digit of 1813685?
1
What is the hundred thousands digit of 2415774?
4
What is the hundreds digit of 5485892?
8
W